{"id":431,"date":"2020-06-05T14:42:12","date_gmt":"2020-06-05T12:42:12","guid":{"rendered":"http:\/\/aspicgames.fr\/?post_type=product&#038;p=431"},"modified":"2025-10-04T18:56:01","modified_gmt":"2025-10-04T16:56:01","slug":"moustique-attaque","status":"publish","type":"product","link":"https:\/\/aspicgames.fr\/index.php\/produit\/moustique-attaque\/","title":{"rendered":"Moustique Attaque"},"content":{"rendered":"<p><iframe loading=\"lazy\" width=\"750\" height=\"350\" src=\"https:\/\/www.youtube.com\/embed\/uk5x6ub4c90\" title=\"YouTube video player\" allow=\"accelerometer; autoplay; clipboard-write; encrypted-media; gyroscope; picture-in-picture\" allowfullscreen=\"allowfullscreen\" frameborder=\"0\"><\/iframe><\/p>\r\n<p><strong><i>L&rsquo;\u00e9t\u00e9 est l\u00e0, il fait beau, il fait chaud, parfait pour les vacances ! Mais en tant que <\/i><\/strong><span class=\"style-client-colored-text\"><b><i>moustique<\/i><\/b><\/span><strong><i>, il est temps de partir en chasse pour piquer un maximum de vacanciers !<\/i><\/strong><o:p><\/o:p><\/p>\r\n<p>Utilisez vos trois cartes moustiques pour vous r\u00e9galer tout en brouillant vos pistes. Attention aux autres joueurs qui peuvent mettre fin \u00e0 votre tour de chasse \u00e0 tout moment !<o:p><\/o:p><\/p>\r\n<p>N&rsquo;ayez pas les yeux plus gros que le ventre et sachez vous arr\u00eater \u00e0 temps car si les autres joueurs vous trouvent&#8230; Vous perdrez TOUTE votre chasse !<o:p><\/o:p><\/p>\r\n<p>Alors bluffez les autres et soyez le plus piquant de l&rsquo;\u00e9t\u00e9 !<o:p><\/o:p><\/p>\r\n<p><span class=\"style-client-colored-text\">Moustique Attaque<\/span> est un jeu fun et convivial, facile \u00e0 transporter partout en vacances !<o:p><\/o:p><\/p>\r\n<p><strong>2 \u00e0 5 joueurs<\/strong> \u00e0 partir de<strong> 7 ans <\/strong>pour une partie de <strong>20 minutes<\/strong><\/p>\r\n\r\n<div class=\"wp-block-columns is-layout-flex wp-container-core-columns-is-layout-9d6595d7 wp-block-columns-is-layout-flex\">\r\n<div class=\"wp-block-column is-layout-flow wp-block-column-is-layout-flow\" style=\"flex-basis: 100%;\">\r\n<div class=\"wp-block-buttons is-layout-flex wp-block-buttons-is-layout-flex\">\r\n<div class=\"wp-block-button\"><a class=\"wp-block-button__link\" href=\"https:\/\/aspicgames.fr\/wp-content\/uploads\/2020\/05\/Regles_3.pdf\" target=\"_blank\" rel=\"noreferrer noopener\">T\u00e9l\u00e9charger les r\u00e8gles<\/a><\/div>\r\n\r\n\r\n\r\n<div class=\"wp-block-button\"><a class=\"wp-block-button__link\" href=\"https:\/\/aspicgames.fr\/wp-content\/uploads\/2022\/05\/Moustique-Attaque.7z\" target=\"_blank\" rel=\"noreferrer noopener\">Moustique Attaque &#8211; Pack Presse<\/a><\/div>\r\n\r\n\r\n\r\n<div class=\"wp-block-button\"><a class=\"wp-block-button__link\" href=\"https:\/\/fr.ulule.com\/moskito-le-jeu\/\" target=\"_blank\" rel=\"noreferrer noopener\">Campagne Ulule<\/a><\/div>\r\n<\/div>\r\n<\/div>\r\n<\/div>\r\n\r\n\r\n\r\n<div class=\"wp-block-buttons is-layout-flex wp-block-buttons-is-layout-flex\"><\/div>\r\n\r\n<p>&nbsp;<\/p>   ","protected":false},"excerpt":{"rendered":"<p>Le jeu le plus piquant de l&rsquo;\u00e9t\u00e9 ! Ambiancez vos vacances avec Moustique Attaque, le jeu de Quitte ou Double qui ne manque pas de piquant ! 2 \u00e0 5 joueurs \u00e0 partir de 7 ans \u2243 20 minutes<\/p>\n","protected":false},"featured_media":1304,"template":"","meta":[],"product_brand":[],"product_cat":[27],"product_tag":[],"class_list":{"0":"post-431","1":"product","2":"type-product","3":"status-publish","4":"has-post-thumbnail","6":"product_cat-jeux-famille","8":"first","9":"instock","10":"shipping-taxable","11":"purchasable","12":"product-type-simple"},"_links":{"self":[{"href":"https:\/\/aspicgames.fr\/index.php\/wp-json\/wp\/v2\/product\/431","targetHints":{"allow":["GET"]}}],"collection":[{"href":"https:\/\/aspicgames.fr\/index.php\/wp-json\/wp\/v2\/product"}],"about":[{"href":"https:\/\/aspicgames.fr\/index.php\/wp-json\/wp\/v2\/types\/product"}],"wp:featuredmedia":[{"embeddable":true,"href":"https:\/\/aspicgames.fr\/index.php\/wp-json\/wp\/v2\/media\/1304"}],"wp:attachment":[{"href":"https:\/\/aspicgames.fr\/index.php\/wp-json\/wp\/v2\/media?parent=431"}],"wp:term":[{"taxonomy":"product_brand","embeddable":true,"href":"https:\/\/aspicgames.fr\/index.php\/wp-json\/wp\/v2\/product_brand?post=431"},{"taxonomy":"product_cat","embeddable":true,"href":"https:\/\/aspicgames.fr\/index.php\/wp-json\/wp\/v2\/product_cat?post=431"},{"taxonomy":"product_tag","embeddable":true,"href":"https:\/\/aspicgames.fr\/index.php\/wp-json\/wp\/v2\/product_tag?post=431"}],"curies":[{"name":"wp","href":"https:\/\/api.w.org\/{rel}","templated":true}]}}